{"id":35,"date":"2018-06-30T09:00:45","date_gmt":"2018-06-30T07:00:45","guid":{"rendered":"http:\/\/manoirdehuithuis.fr\/index.php\/hestia-front\/"},"modified":"2023-07-19T15:31:35","modified_gmt":"2023-07-19T13:31:35","slug":"hestia-front","status":"publish","type":"page","link":"https:\/\/manoirdehuithuis.fr\/","title":{"rendered":""},"content":{"rendered":"<p class=\"col-md-5\" style=\"text-align: left;\"><b>La maison est en bordure du village, acc\u00e8s au village en 3mn \u00e0 pied.<\/b> <b>Esquelbecq village patrimoine, <span>\u00e9lu village pr\u00e9f\u00e9r\u00e9 des fran\u00e7ais en 2023,<\/span>\u00a0avec son ch\u00e2teau d\u2019origine m\u00e9di\u00e9vale et son jardin Renaissance, son \u00e9glise-halle, le m\u00e9morial du massacre de la plaine aux bois de 1940, sa brasserie, ses bouquinistes\u2026 \u00a0<\/b> <b>\u00e0 10mn de Cassel, village pr\u00e9f\u00e9r\u00e9 des fran\u00e7ais 2018, avec le mus\u00e9e des Flandres et le jardin typiquement flamand des R\u00e9collets.<\/b> <b>A 10mn de Bergues 20mn des plages de Dunkerque, 40mn de Calais et du Shuttle pour l\u2019Angleterre, 45mn de Bruges en Belgique\u2026<\/b><\/p>\n","protected":false},"excerpt":{"rendered":"<p>La maison est en bordure du village, acc\u00e8s au village en 3mn \u00e0 pied. Esquelbecq village patrimoine, \u00e9lu village pr\u00e9f\u00e9r\u00e9 des fran\u00e7ais en 2023,\u00a0avec son ch\u00e2teau d\u2019origine m\u00e9di\u00e9vale et son jardin Renaissance, son \u00e9glise-halle, le m\u00e9morial du massacre de la plaine aux bois de 1940, sa brasserie, ses bouquinistes\u2026 \u00a0 [&hellip;]<\/p>\n","protected":false},"author":1,"featured_media":50,"parent":0,"menu_order":0,"comment_status":"closed","ping_status":"closed","template":"","meta":[],"_links":{"self":[{"href":"https:\/\/manoirdehuithuis.fr\/index.php\/wp-json\/wp\/v2\/pages\/35"}],"collection":[{"href":"https:\/\/manoirdehuithuis.fr\/index.php\/wp-json\/wp\/v2\/pages"}],"about":[{"href":"https:\/\/manoirdehuithuis.fr\/index.php\/wp-json\/wp\/v2\/types\/page"}],"author":[{"embeddable":true,"href":"https:\/\/manoirdehuithuis.fr\/index.php\/wp-json\/wp\/v2\/users\/1"}],"replies":[{"embeddable":true,"href":"https:\/\/manoirdehuithuis.fr\/index.php\/wp-json\/wp\/v2\/comments?post=35"}],"version-history":[{"count":11,"href":"https:\/\/manoirdehuithuis.fr\/index.php\/wp-json\/wp\/v2\/pages\/35\/revisions"}],"predecessor-version":[{"id":443,"href":"https:\/\/manoirdehuithuis.fr\/index.php\/wp-json\/wp\/v2\/pages\/35\/revisions\/443"}],"wp:featuredmedia":[{"embeddable":true,"href":"https:\/\/manoirdehuithuis.fr\/index.php\/wp-json\/wp\/v2\/media\/50"}],"wp:attachment":[{"href":"https:\/\/manoirdehuithuis.fr\/index.php\/wp-json\/wp\/v2\/media?parent=35"}],"curies":[{"name":"wp","href":"https:\/\/api.w.org\/{rel}","templated":true}]}}