{"id":184,"date":"2018-07-07T05:17:10","date_gmt":"2018-07-07T03:17:10","guid":{"rendered":"http:\/\/manoirdehuithuis.fr\/?post_type=product&#038;p=184"},"modified":"2023-07-19T15:18:37","modified_gmt":"2023-07-19T13:18:37","slug":"chambre-des-topiaires","status":"publish","type":"product","link":"https:\/\/manoirdehuithuis.fr\/index.php\/produit\/chambre-des-topiaires\/","title":{"rendered":"Chambre des Topiaires"},"content":{"rendered":"<p><strong><em>A l\u2019\u00e9tage, chambre de 28m2\u00a0<\/em><\/strong><strong><em> avec sa salle de bain<\/em><\/strong><\/p>\n<p><strong><em>lit 160\u00d7190<\/em><\/strong><\/p>\n<p><strong><em>Sommier \u00e9lectrique <\/em><\/strong><\/p>\n<p>Nuit\u00e9e : 100\u20ac, petit d\u00e9jeuner compris<\/p>\n<p>Arriv\u00e9e \u00e0 partir de 16h, D\u00e9part \u00e0 10h<\/p>\n<p>WiFi<\/p>\n<p>Lit d\u2019appoint possible sur demande, 25\u20ac en sus.<br \/>\nLit de b\u00e9b\u00e9 pr\u00eat\u00e9 sur demande.<\/p>\n<p>Contactez-nous par email pour votre reservation<\/p>\n","protected":false},"excerpt":{"rendered":"<p><strong><em>A l\u2019\u00e9tage, chambre de 28m2<br \/>\navec sa salle de bain<\/em><\/strong><\/p>\n","protected":false},"featured_media":67,"comment_status":"closed","ping_status":"closed","template":"","meta":[],"product_cat":[27],"product_tag":[],"_links":{"self":[{"href":"https:\/\/manoirdehuithuis.fr\/index.php\/wp-json\/wp\/v2\/product\/184"}],"collection":[{"href":"https:\/\/manoirdehuithuis.fr\/index.php\/wp-json\/wp\/v2\/product"}],"about":[{"href":"https:\/\/manoirdehuithuis.fr\/index.php\/wp-json\/wp\/v2\/types\/product"}],"replies":[{"embeddable":true,"href":"https:\/\/manoirdehuithuis.fr\/index.php\/wp-json\/wp\/v2\/comments?post=184"}],"wp:featuredmedia":[{"embeddable":true,"href":"https:\/\/manoirdehuithuis.fr\/index.php\/wp-json\/wp\/v2\/media\/67"}],"wp:attachment":[{"href":"https:\/\/manoirdehuithuis.fr\/index.php\/wp-json\/wp\/v2\/media?parent=184"}],"wp:term":[{"taxonomy":"product_cat","embeddable":true,"href":"https:\/\/manoirdehuithuis.fr\/index.php\/wp-json\/wp\/v2\/product_cat?post=184"},{"taxonomy":"product_tag","embeddable":true,"href":"https:\/\/manoirdehuithuis.fr\/index.php\/wp-json\/wp\/v2\/product_tag?post=184"}],"curies":[{"name":"wp","href":"https:\/\/api.w.org\/{rel}","templated":true}]}}