{"id":362,"date":"2019-04-27T23:02:20","date_gmt":"2019-04-27T21:02:20","guid":{"rendered":"http:\/\/manoirdehuithuis.fr\/?post_type=product&#038;p=362"},"modified":"2023-07-19T15:17:41","modified_gmt":"2023-07-19T13:17:41","slug":"chambre-des-hortensias","status":"publish","type":"product","link":"https:\/\/manoirdehuithuis.fr\/index.php\/produit\/chambre-des-hortensias\/","title":{"rendered":"Chambre des Hortensias"},"content":{"rendered":"<p>Nuit\u00e9e : 80\u20ac, petit d\u00e9jeuner compris<\/p>\n<p>Arriv\u00e9e \u00e0 partir de 16h, D\u00e9part \u00e0 10h<\/p>\n<p>WiFi<\/p>\n<p>Lit d\u2019appoint possible sur demande, 25\u20ac en sus.<br \/>\nLit de b\u00e9b\u00e9 pr\u00eat\u00e9 sur demande.<\/p>\n<p>Contactez-nous par email pour votre reservation<\/p>\n","protected":false},"excerpt":{"rendered":"<p><strong><em>Chambre bleu, \u00e0 l\u2019\u00e9tage<\/em><\/strong><\/p>\n","protected":false},"featured_media":0,"comment_status":"closed","ping_status":"closed","template":"","meta":[],"product_cat":[27],"product_tag":[],"_links":{"self":[{"href":"https:\/\/manoirdehuithuis.fr\/index.php\/wp-json\/wp\/v2\/product\/362"}],"collection":[{"href":"https:\/\/manoirdehuithuis.fr\/index.php\/wp-json\/wp\/v2\/product"}],"about":[{"href":"https:\/\/manoirdehuithuis.fr\/index.php\/wp-json\/wp\/v2\/types\/product"}],"replies":[{"embeddable":true,"href":"https:\/\/manoirdehuithuis.fr\/index.php\/wp-json\/wp\/v2\/comments?post=362"}],"wp:attachment":[{"href":"https:\/\/manoirdehuithuis.fr\/index.php\/wp-json\/wp\/v2\/media?parent=362"}],"wp:term":[{"taxonomy":"product_cat","embeddable":true,"href":"https:\/\/manoirdehuithuis.fr\/index.php\/wp-json\/wp\/v2\/product_cat?post=362"},{"taxonomy":"product_tag","embeddable":true,"href":"https:\/\/manoirdehuithuis.fr\/index.php\/wp-json\/wp\/v2\/product_tag?post=362"}],"curies":[{"name":"wp","href":"https:\/\/api.w.org\/{rel}","templated":true}]}}